 hundreds digit of s?
7
Suppose 3*q - 4*r - 206 = 0, 0 = -5*q - r + 241 + 64. What is the units digit of q?
2
Let f = 4674 - 2533. What is the units digit of f?
1
Suppose 3*s + g - 9 = 2, 3*s - 3*g = 15. Suppose 0 = 2*i + 2*r - 364, 3*i - 368 = i - s*r. What is the units digit of i?
0
Suppose -2*f = 3*f - 125. Suppose 3*m + 0*m + 3*l - 42 = 0, f = -5*l. What is the tens digit of m?
1
Let g(j) = 4*j + 161. What is the units digit of g(-11)?
7
Let y(m) = m**2 + 7*m - 8. Let s be y(-8). Suppose -5*d + d + 268 = s. What is the tens digit of d?
6
Let k be 6 + (2 - 3)*1. Suppose k*t = 4*t + 8. Let h(s) = s**3 - 9*s**2 + 9*s + 1. What is the units digit of h(t)?
9
What is the units digit of 1354 - ((3 - 2) + -3 + 4)?
2
Let c = 1704 - 246. What is the hundreds digit of c?
4
Let a = -1 + 2. Let v(n) = 17*n + 1. Let s be v(a). Suppose -4*w + x - 1 = 0, 3*w - s = -x - 2*x. What is the units digit of w?
1
What is the tens digit of (-4)/(-36) - (-25566)/27?
4
Let m = 11 + 517. What is the units digit of m?
8
Let d = 123 + -56. Let n = -36 + d. What is the units digit of n?
1
Suppose 160*c - 136*c = 104856. What is the thousands digit of c?
4
Suppose -5*o + 684 = 2*c, o - 340 = -c - 2*o. Let q = c + -193. What is the units digit of q?
9
Let m be -15*(-4)/20*2. Suppose 3*j + a = 5, m*j - 5*a + 25 = 2*j. Suppose -2*t + 12 = -j*t. What is the units digit of t?
6
Suppose 3*k - 5*h - 272 = 0, 4*k - 139 = -h + 262. What is the tens digit of k?
9
Suppose 0 = -44*r + 48*r + 20. What is the tens digit of -3*r/(-15)*-101?
0
Let p = 1431 - 833. What is the units digit of p?
8
Let d = -57 - -72. What is the tens digit of (-411)/(-9) + 2 + d/(-9)?
4
Let g = -748 + 1322. What is the hundreds digit of g?
5
Suppose 0*d - 19 = n + 5*d, -n + 4*d = -17. Let u(i) = 145*i**3 - 125*i**3 + i**2 - 2*i**2 + 2*i - i. What is the units digit of u(n)?
0
Let w(f) = -f - 2. Let n be w(-15). Suppose 138 = -10*v + n*v. What is the tens digit of v?
4
Let d be (44/6 - 4)*3. Let z(f) = -5 - 3*f**2 - 9*f + 3*f**2 - 3*f**2 + 4*f**2. What is the units digit of z(d)?
5
Let b be (-131 - -1)/5*(3 - -1). Let j = 258 + b. What is the hundreds digit of j?
1
Let f(h) = h**3 + 2*h + 8. Let r be f(-2). Let o = 21 + r. What is the tens digit of o?
1
Let p = 10089 + -7047. What is the thousands digit of p?
3
Suppose -w + 321 + 80 = 0. Let l = 737 - w. Suppose -7*f + 203 + l = 0. What is the tens digit of f?
7
Suppose 378 = -10*h + 7*h. Let k be (-2)/9 + (-1288)/h. Suppose -7*g = -k*g + 9. What is the units digit of g?
3
Let r be 2/(-9) - 16/9. Suppose -x + 50 = -5*b, -2*x = 3*b + x + 12. Let s = r - b. What is the units digit of s?
7
Let o(q) be the second derivative of q**5/20 + q**4/2 + q**3 + 3*q**2 - 8*q. What is the units digit of o(-5)?
1
What is the hundreds digit of (-291)/(-1) + 30/(-24)*4?
2
Let d(t) = t**2 - 2*t - 12. Let i be d(5). Let q(y) = 6*y**3 - 2*y**2 + 4. What is the units digit of q(i)?
8
Let i = 106 + -102. What is the units digit of i?
4
Suppose n = 2*n - 4. Suppose -179 = -3*b + 5*w, 5*w - 2*w = n*b - 235. What is the tens digit of b?
5
Let a(j) = 6*j**3 - 7*j**2 + 8*j + 2. What is the thousands digit of a(6)?
1
What is the units digit of (8/5)/((-11510)/(-2300) - 5)?
8
What is the hundreds digit of ((-5)/15)/1 - 43348/(-12)?
6
Let v = -82 + 166. Suppose x = -3*d + v, -x + 55 = -d - 17. Let b = x - 24. What is the tens digit of b?
5
Let k(a) = 6*a + 5. Let t(f) = -7*f - 6. Let c(s) = 4*k(s) + 3*t(s). What is the units digit of c(4)?
4
Suppose -2*q = -4*j + 17916, -2*j + 15*q + 8982 = 20*q. What is the thousands digit of j?
4
Suppose -4*u = -k - 1714, -5*u - 3*k = -4*u - 422. What is the hundreds digit of u?
4
Let t = 1092 + -661. What is the hundreds digit of t?
4
What is the hundreds digit of (4 - 192/40)/((-1)/1220)?
9
Let p = 9 - 10. Let s(v) = 158*v**2 - 2. What is the tens digit of s(p)?
5
Let y = 222 + -205. What is the units digit of y?
7
Let k = 10 + -8. Suppose -4*j = 5*h - 238, -142 = -k*h + 2*j - 36. Suppose 0*d + 2*d - h = 0. What is the units digit of d?
5
Let x be 5/(-35) - ((-256)/28 + 3). Let a(s) = 50*s - 81. What is the units digit of a(x)?
9
Suppose 4*j + 5*y - 534 - 893 = 0, 1099 = 3*j - 2*y. What is the tens digit of j?
6
Let d = -38 - -25. Let v(c) = -7*c - 14. What is the units digit of v(d)?
7
Suppose 0 = 6*o - 0*o - 30. Suppose -16 = -2*z + 2*r, 17 = o*r + 7. Suppose -2*l = 5*v - 123, v = 5*l + 20 + z. What is the units digit of v?
5
Suppose 5*y - z - 10 = 3*y, z = -2*y + 14. Suppose w = -2*w + y. Suppose -151 = -2*n + 3*f - w*f, 0 = n - 2*f - 80. What is the units digit of n?
4
Let x = 21 - 16. Suppose -3*n = -x*j - 5*n + 100, -4*n = 0. What is the tens digit of (-4)/j - 266/(-5)?
5
Suppose 433 - 12 = -5*s - 4*r, s = r - 77. Let f be (-1476)/s + 2/(-9). Suppose -3*m - 3*t + 54 = 0, -5*t - 61 = -2*m - f. What is the tens digit of m?
1
Let v be (-75)/(-12) + 1 - (-2)/(-8). Suppose v*d + 167 = 8*d. What is the hundreds digit of d?
1
Let p(c) be the third derivative of 187*c**4/24 - 2*c**3/3 - c**2 - 28. What is the hundreds digit of p(1)?
1
Suppose -5*o + 2*c + 15 = -3*c, 3 = -c. Let t be -1 - ((-1)/1 + o). Suppose -5*f + t*f + 75 = 0. What is the tens digit of f?
1
Let t(m) = -m**2 - 17*m + 388. What is the units digit of t(0)?
8
Let t(z) = z**3 - 4*z**2 - z - 2. Let k be t(3). Let h = k + 15. What is the units digit of (h - (-3)/(-1)) + 39?
7
Let t be ((-40)/15)/(3/27). Let n = 60 + t. What is the units digit of n?
6
Let a(d) = -d**3 + 11*d**2 - 2*d + 27. Let r be a(11). What is the tens digit of 7194/30 + -1 - (-1)/r?
3
Let f = -677 - -1233. What is the units digit of f?
6
Suppose -2*a = k - 7*a - 287, -3*k + 5*a = -811. What is the tens digit of k?
6
Suppose -4*k = -0*k - 508. Let t = -51 + k. What is the tens digit of t?
7
Suppose 5*g = 2*f + 15, -f + 23 - 3 = 3*g. Suppose -3*k + g*k - 2*t = 240, 0 = 5*t + 15. What is the units digit of k?
7
Let u be (-3 - 2/4)*-2. Let x = u + 4. What is the tens digit of x?
1
Suppose 5*n + 4*b - 2 = 0, 0 = n + 2*b - 4 - 0. Let r be ((-208)/(-2) + 2)/n. Let m = -35 - r. What is the tens digit of m?
1
Let z be 1086 - (4 - (4 - 3)). What is the units digit of z/15 + 4/5?
3
Suppose 124*d = 119*d + 1440. What is the hundreds digit of d?
2
Let m(r) = 11*r + 19*r + 16*r - 41*r - 4 + 101*r**3. What is the hundreds digit of m(1)?
1
Let n(s) = 6*s**2 + 23*s + 7. What is the tens digit of n(-9)?
8
Let i(q) be the second derivative of -3*q**4/8 - 3*q**3/2 - 7*q**2/2 - 9*q. Let j(w) be the first derivative of i(w). What is the units digit of j(-5)?
6
What is the hundreds digit of (78/(-15))/13 + (-712)/(-5)?
1
Suppose 4*z + 2 = 5*n - 10, 5*z = 5*n - 10. Suppose -2*x + 30 = z*q + 2*q, -2*q = 5*x - 75. What is the units digit of x?
5
Suppose i + 4*x = 935, 0 = 4*i - 2*i - 3*x - 1848. What is the units digit of i?
7
Let w be 0 + 0 + -1 + 6. Let u = 4 - w. What is the units digit of 12*(21/12 + u)?
9
Let h(a) = -a**3 + 19*a**2 - 2*a + 85. Let t be h(19). Suppose -5*l = -3*l + 3*v + 8, 0 = 3*v + 6. Let u = t + l. What is the tens digit of u?
4
Let s(w) = w**2 - 11*w - 44. What is the units digit of s(29)?
8
What is the thousands digit of 1352 + -29 + 22/(-2)?
1
Let i(q) = q**3 + 9*q**2 + 6*q - 16. Let f be i(-8). Suppose f = 9*a - 8*a - 56. What is the tens digit of a?
5
Suppose -n = -10*n - 1719. What is the units digit of -16 - -12 - (n*1 + 1)?
6
Let i(k) = -k**3 + 10*k - 3. Suppose 6*f + 17 = -13. What is the tens digit of i(f)?
7
Let u(a) = 7*a**2 - 28*a - 161. What is the tens digit of u(26)?
4
Let n(j) = -2*j**2 + 11*j + 1. Let a be n(7). Let r = -13 - a. What is the units digit of r?
7
Let j = 6400 - 3216. What is the hundreds digit of j?
1
Let i be (1 + 3/(-2))*6. Let j(h) be the third derivative of -h**4/8 + 2*h**3/3 - 6*h**2. What is the tens digit of j(i)?
1
Let o be 152/36 - 4/18. Suppose q - 5*y + 85 = o*q, -q = 4*y - 26. What is the tens digit of q?
3
Let p = 600 - 678. Let u(h) = 12*h**2 - 3*h - 3. Let z be u(-3). Let r = z + p. What is the tens digit of r?
3
Let k(p) = p**2 + 34*p + 68. Let i be k(-32). Suppose -4*j = -i*t - 360, -t + 94 = -j + 2*j. What is the tens digit of j?
9
Suppose 0 = 4*c - c + 4*u - 10, 4*c - 5*u - 3 = 0. Suppose -2*r = c*r - 72. Suppose -j = -9 - r. What is the units digit of j?
7
Suppose 47